{"id":3904,"date":"2020-12-27T13:22:41","date_gmt":"2020-12-27T13:22:41","guid":{"rendered":"https:\/\/www.piscilona.es\/tienda\/?post_type=product&#038;p=3904"},"modified":"2020-12-27T17:57:39","modified_gmt":"2020-12-27T17:57:39","slug":"cepillo-manual-multifuncion-blue-line-de-astrapool-copia","status":"publish","type":"product","link":"https:\/\/www.piscilona.es\/tienda\/producto\/cepillo-manual-multifuncion-blue-line-de-astrapool-copia\/","title":{"rendered":"Mango telesc\u00f3pico aluminio Blue Line Astrapool."},"content":{"rendered":"<ul>\n<li>Disponible en <strong>2 medidas<\/strong> en funci\u00f3n del tama\u00f1o y profundidad de la piscina, con sistema de <strong>fijaci\u00f3n por clip o palomillas<\/strong>.<\/li>\n<li>Mango telesc\u00f3pico de <strong>f\u00e1cil regulaci\u00f3n<\/strong> para acoplar accesorios de limpieza de la piscina.<\/li>\n<li>Dise\u00f1o moderno y elegante y fabricaci\u00f3n con <strong>materiales de calidad<\/strong> para una larga vida \u00fatil.<\/li>\n<li><strong>M\u00e1xima ergonom\u00eda<\/strong> para una total comodidad de utilizaci\u00f3n.<\/li>\n<\/ul>\n<p>&nbsp;<\/p>\n","protected":false},"excerpt":{"rendered":"<p>Mango \/ P\u00e9rtiga telesc\u00f3pica de aluminio.<\/p>\n","protected":false},"featured_media":3910,"template":"","meta":[],"product_brand":[],"product_cat":[72],"product_tag":[],"class_list":{"0":"post-3904","1":"product","2":"type-product","3":"status-publish","4":"has-post-thumbnail","6":"product_cat-limpieza","8":"first","9":"instock","10":"taxable","11":"shipping-taxable","12":"purchasable","13":"product-type-variable","14":"has-default-attributes"},"yoast_head":"<!-- This site is optimized with the Yoast SEO plugin v27.0 - https:\/\/yoast.com\/product\/yoast-seo-wordpress\/ -->\n<title>Mango telesc\u00f3pico aluminio Blue Line Astrapool. - Piscilona<\/title>\n<meta name=\"robots\" content=\"index, follow, max-snippet:-1, max-image-preview:large, max-video-preview:-1\" \/>\n<link rel=\"canonical\" href=\"https:\/\/www.piscilona.es\/tienda\/producto\/cepillo-manual-multifuncion-blue-line-de-astrapool-copia\/\" \/>\n<meta property=\"og:locale\" content=\"es_ES\" \/>\n<meta property=\"og:type\" content=\"article\" \/>\n<meta property=\"og:title\" content=\"Mango telesc\u00f3pico aluminio Blue Line Astrapool. - Piscilona\" \/>\n<meta property=\"og:description\" content=\"Mango \/ P\u00e9rtiga telesc\u00f3pica de aluminio.\" \/>\n<meta property=\"og:url\" content=\"https:\/\/www.piscilona.es\/tienda\/producto\/cepillo-manual-multifuncion-blue-line-de-astrapool-copia\/\" \/>\n<meta property=\"og:site_name\" content=\"Piscilona\" \/>\n<meta property=\"article:modified_time\" content=\"2020-12-27T17:57:39+00:00\" \/>\n<meta property=\"og:image\" content=\"https:\/\/www.piscilona.es\/tienda\/wp-content\/uploads\/2020\/12\/Mango-telescopico-aluminio-Blue-Line-Astrapool-1.jpg\" \/>\n\t<meta property=\"og:image:width\" content=\"800\" \/>\n\t<meta property=\"og:image:height\" content=\"800\" \/>\n\t<meta property=\"og:image:type\" content=\"image\/jpeg\" \/>\n<meta name=\"twitter:card\" content=\"summary_large_image\" \/>\n<script type=\"application\/ld+json\" class=\"yoast-schema-graph\">{\"@context\":\"https:\/\/schema.org\",\"@graph\":[{\"@type\":\"WebPage\",\"@id\":\"https:\/\/www.piscilona.es\/tienda\/producto\/cepillo-manual-multifuncion-blue-line-de-astrapool-copia\/\",\"url\":\"https:\/\/www.piscilona.es\/tienda\/producto\/cepillo-manual-multifuncion-blue-line-de-astrapool-copia\/\",\"name\":\"Mango telesc\u00f3pico aluminio Blue Line Astrapool. - Piscilona\",\"isPartOf\":{\"@id\":\"https:\/\/www.piscilona.es\/tienda\/#website\"},\"primaryImageOfPage\":{\"@id\":\"https:\/\/www.piscilona.es\/tienda\/producto\/cepillo-manual-multifuncion-blue-line-de-astrapool-copia\/#primaryimage\"},\"image\":{\"@id\":\"https:\/\/www.piscilona.es\/tienda\/producto\/cepillo-manual-multifuncion-blue-line-de-astrapool-copia\/#primaryimage\"},\"thumbnailUrl\":\"https:\/\/www.piscilona.es\/tienda\/wp-content\/uploads\/2020\/12\/Mango-telescopico-aluminio-Blue-Line-Astrapool-1.jpg\",\"datePublished\":\"2020-12-27T13:22:41+00:00\",\"dateModified\":\"2020-12-27T17:57:39+00:00\",\"breadcrumb\":{\"@id\":\"https:\/\/www.piscilona.es\/tienda\/producto\/cepillo-manual-multifuncion-blue-line-de-astrapool-copia\/#breadcrumb\"},\"inLanguage\":\"es\",\"potentialAction\":[{\"@type\":\"ReadAction\",\"target\":[\"https:\/\/www.piscilona.es\/tienda\/producto\/cepillo-manual-multifuncion-blue-line-de-astrapool-copia\/\"]}]},{\"@type\":\"ImageObject\",\"inLanguage\":\"es\",\"@id\":\"https:\/\/www.piscilona.es\/tienda\/producto\/cepillo-manual-multifuncion-blue-line-de-astrapool-copia\/#primaryimage\",\"url\":\"https:\/\/www.piscilona.es\/tienda\/wp-content\/uploads\/2020\/12\/Mango-telescopico-aluminio-Blue-Line-Astrapool-1.jpg\",\"contentUrl\":\"https:\/\/www.piscilona.es\/tienda\/wp-content\/uploads\/2020\/12\/Mango-telescopico-aluminio-Blue-Line-Astrapool-1.jpg\",\"width\":800,\"height\":800},{\"@type\":\"BreadcrumbList\",\"@id\":\"https:\/\/www.piscilona.es\/tienda\/producto\/cepillo-manual-multifuncion-blue-line-de-astrapool-copia\/#breadcrumb\",\"itemListElement\":[{\"@type\":\"ListItem\",\"position\":1,\"name\":\"Portada\",\"item\":\"https:\/\/www.piscilona.es\/tienda\/\"},{\"@type\":\"ListItem\",\"position\":2,\"name\":\"Tienda\",\"item\":\"https:\/\/www.piscilona.es\/tienda\/tienda\/\"},{\"@type\":\"ListItem\",\"position\":3,\"name\":\"Mango telesc\u00f3pico aluminio Blue Line Astrapool.\"}]},{\"@type\":\"WebSite\",\"@id\":\"https:\/\/www.piscilona.es\/tienda\/#website\",\"url\":\"https:\/\/www.piscilona.es\/tienda\/\",\"name\":\"Piscilona\",\"description\":\"Piscilona\",\"potentialAction\":[{\"@type\":\"SearchAction\",\"target\":{\"@type\":\"EntryPoint\",\"urlTemplate\":\"https:\/\/www.piscilona.es\/tienda\/?s={search_term_string}\"},\"query-input\":{\"@type\":\"PropertyValueSpecification\",\"valueRequired\":true,\"valueName\":\"search_term_string\"}}],\"inLanguage\":\"es\"}]}<\/script>\n<!-- \/ Yoast SEO plugin. -->","yoast_head_json":{"title":"Mango telesc\u00f3pico aluminio Blue Line Astrapool. - Piscilona","robots":{"index":"index","follow":"follow","max-snippet":"max-snippet:-1","max-image-preview":"max-image-preview:large","max-video-preview":"max-video-preview:-1"},"canonical":"https:\/\/www.piscilona.es\/tienda\/producto\/cepillo-manual-multifuncion-blue-line-de-astrapool-copia\/","og_locale":"es_ES","og_type":"article","og_title":"Mango telesc\u00f3pico aluminio Blue Line Astrapool. - Piscilona","og_description":"Mango \/ P\u00e9rtiga telesc\u00f3pica de aluminio.","og_url":"https:\/\/www.piscilona.es\/tienda\/producto\/cepillo-manual-multifuncion-blue-line-de-astrapool-copia\/","og_site_name":"Piscilona","article_modified_time":"2020-12-27T17:57:39+00:00","og_image":[{"width":800,"height":800,"url":"https:\/\/www.piscilona.es\/tienda\/wp-content\/uploads\/2020\/12\/Mango-telescopico-aluminio-Blue-Line-Astrapool-1.jpg","type":"image\/jpeg"}],"twitter_card":"summary_large_image","schema":{"@context":"https:\/\/schema.org","@graph":[{"@type":"WebPage","@id":"https:\/\/www.piscilona.es\/tienda\/producto\/cepillo-manual-multifuncion-blue-line-de-astrapool-copia\/","url":"https:\/\/www.piscilona.es\/tienda\/producto\/cepillo-manual-multifuncion-blue-line-de-astrapool-copia\/","name":"Mango telesc\u00f3pico aluminio Blue Line Astrapool. - Piscilona","isPartOf":{"@id":"https:\/\/www.piscilona.es\/tienda\/#website"},"primaryImageOfPage":{"@id":"https:\/\/www.piscilona.es\/tienda\/producto\/cepillo-manual-multifuncion-blue-line-de-astrapool-copia\/#primaryimage"},"image":{"@id":"https:\/\/www.piscilona.es\/tienda\/producto\/cepillo-manual-multifuncion-blue-line-de-astrapool-copia\/#primaryimage"},"thumbnailUrl":"https:\/\/www.piscilona.es\/tienda\/wp-content\/uploads\/2020\/12\/Mango-telescopico-aluminio-Blue-Line-Astrapool-1.jpg","datePublished":"2020-12-27T13:22:41+00:00","dateModified":"2020-12-27T17:57:39+00:00","breadcrumb":{"@id":"https:\/\/www.piscilona.es\/tienda\/producto\/cepillo-manual-multifuncion-blue-line-de-astrapool-copia\/#breadcrumb"},"inLanguage":"es","potentialAction":[{"@type":"ReadAction","target":["https:\/\/www.piscilona.es\/tienda\/producto\/cepillo-manual-multifuncion-blue-line-de-astrapool-copia\/"]}]},{"@type":"ImageObject","inLanguage":"es","@id":"https:\/\/www.piscilona.es\/tienda\/producto\/cepillo-manual-multifuncion-blue-line-de-astrapool-copia\/#primaryimage","url":"https:\/\/www.piscilona.es\/tienda\/wp-content\/uploads\/2020\/12\/Mango-telescopico-aluminio-Blue-Line-Astrapool-1.jpg","contentUrl":"https:\/\/www.piscilona.es\/tienda\/wp-content\/uploads\/2020\/12\/Mango-telescopico-aluminio-Blue-Line-Astrapool-1.jpg","width":800,"height":800},{"@type":"BreadcrumbList","@id":"https:\/\/www.piscilona.es\/tienda\/producto\/cepillo-manual-multifuncion-blue-line-de-astrapool-copia\/#breadcrumb","itemListElement":[{"@type":"ListItem","position":1,"name":"Portada","item":"https:\/\/www.piscilona.es\/tienda\/"},{"@type":"ListItem","position":2,"name":"Tienda","item":"https:\/\/www.piscilona.es\/tienda\/tienda\/"},{"@type":"ListItem","position":3,"name":"Mango telesc\u00f3pico aluminio Blue Line Astrapool."}]},{"@type":"WebSite","@id":"https:\/\/www.piscilona.es\/tienda\/#website","url":"https:\/\/www.piscilona.es\/tienda\/","name":"Piscilona","description":"Piscilona","potentialAction":[{"@type":"SearchAction","target":{"@type":"EntryPoint","urlTemplate":"https:\/\/www.piscilona.es\/tienda\/?s={search_term_string}"},"query-input":{"@type":"PropertyValueSpecification","valueRequired":true,"valueName":"search_term_string"}}],"inLanguage":"es"}]}},"_links":{"self":[{"href":"https:\/\/www.piscilona.es\/tienda\/wp-json\/wp\/v2\/product\/3904","targetHints":{"allow":["GET"]}}],"collection":[{"href":"https:\/\/www.piscilona.es\/tienda\/wp-json\/wp\/v2\/product"}],"about":[{"href":"https:\/\/www.piscilona.es\/tienda\/wp-json\/wp\/v2\/types\/product"}],"version-history":[{"count":0,"href":"https:\/\/www.piscilona.es\/tienda\/wp-json\/wp\/v2\/product\/3904\/revisions"}],"wp:featuredmedia":[{"embeddable":true,"href":"https:\/\/www.piscilona.es\/tienda\/wp-json\/wp\/v2\/media\/3910"}],"wp:attachment":[{"href":"https:\/\/www.piscilona.es\/tienda\/wp-json\/wp\/v2\/media?parent=3904"}],"wp:term":[{"taxonomy":"product_brand","embeddable":true,"href":"https:\/\/www.piscilona.es\/tienda\/wp-json\/wp\/v2\/product_brand?post=3904"},{"taxonomy":"product_cat","embeddable":true,"href":"https:\/\/www.piscilona.es\/tienda\/wp-json\/wp\/v2\/product_cat?post=3904"},{"taxonomy":"product_tag","embeddable":true,"href":"https:\/\/www.piscilona.es\/tienda\/wp-json\/wp\/v2\/product_tag?post=3904"}],"curies":[{"name":"wp","href":"https:\/\/api.w.org\/{rel}","templated":true}]}}