{"id":3913,"date":"2020-12-28T12:15:45","date_gmt":"2020-12-28T12:15:45","guid":{"rendered":"https:\/\/www.piscilona.es\/tienda\/?post_type=product&#038;p=3913"},"modified":"2020-12-29T10:24:02","modified_gmt":"2020-12-29T10:24:02","slug":"mango-telescopico-de-aluminio-classic-de-astrapool","status":"publish","type":"product","link":"https:\/\/www.piscilona.es\/tienda\/producto\/mango-telescopico-de-aluminio-classic-de-astrapool\/","title":{"rendered":"Mango fijo piscina 2,5 m. Palomillas o Clip."},"content":{"rendered":"<ul>\n<li>Disponible en 2 modelos seg\u00fan el sistema de fijaci\u00f3n: Mediante Palomillas o Clip.<\/li>\n<li>Fabricado en\u00a0<strong>aluminio anodizado<\/strong> de gran resistencia y durabilidad.<\/li>\n<\/ul>\n<p>&nbsp;<\/p>\n","protected":false},"excerpt":{"rendered":"<p>Mango \/ P\u00e9rtiga de longitud fija de 2,5 m. y opci\u00f3n conexi\u00f3n clip o palomillas.<\/p>\n","protected":false},"featured_media":3920,"template":"","meta":[],"product_brand":[],"product_cat":[72],"product_tag":[],"class_list":{"0":"post-3913","1":"product","2":"type-product","3":"status-publish","4":"has-post-thumbnail","6":"product_cat-limpieza","8":"first","9":"instock","10":"taxable","11":"shipping-taxable","12":"purchasable","13":"product-type-variable","14":"has-default-attributes"},"yoast_head":"<!-- This site is optimized with the Yoast SEO plugin v27.0 - https:\/\/yoast.com\/product\/yoast-seo-wordpress\/ -->\n<title>Mango fijo piscina 2,5 m. Palomillas o Clip. - Piscilona<\/title>\n<meta name=\"robots\" content=\"index, follow, max-snippet:-1, max-image-preview:large, max-video-preview:-1\" \/>\n<link rel=\"canonical\" href=\"https:\/\/www.piscilona.es\/tienda\/producto\/mango-telescopico-de-aluminio-classic-de-astrapool\/\" \/>\n<meta property=\"og:locale\" content=\"es_ES\" \/>\n<meta property=\"og:type\" content=\"article\" \/>\n<meta property=\"og:title\" content=\"Mango fijo piscina 2,5 m. Palomillas o Clip. - Piscilona\" \/>\n<meta property=\"og:description\" content=\"Mango \/ P\u00e9rtiga de longitud fija de 2,5 m. y opci\u00f3n conexi\u00f3n clip o palomillas.\" \/>\n<meta property=\"og:url\" content=\"https:\/\/www.piscilona.es\/tienda\/producto\/mango-telescopico-de-aluminio-classic-de-astrapool\/\" \/>\n<meta property=\"og:site_name\" content=\"Piscilona\" \/>\n<meta property=\"article:modified_time\" content=\"2020-12-29T10:24:02+00:00\" \/>\n<meta property=\"og:image\" content=\"https:\/\/www.piscilona.es\/tienda\/wp-content\/uploads\/2020\/12\/Mango-fijo-Classic-Palomillas-Astrapool.jpg\" \/>\n\t<meta property=\"og:image:width\" content=\"800\" \/>\n\t<meta property=\"og:image:height\" content=\"800\" \/>\n\t<meta property=\"og:image:type\" content=\"image\/jpeg\" \/>\n<meta name=\"twitter:card\" content=\"summary_large_image\" \/>\n<script type=\"application\/ld+json\" class=\"yoast-schema-graph\">{\"@context\":\"https:\/\/schema.org\",\"@graph\":[{\"@type\":\"WebPage\",\"@id\":\"https:\/\/www.piscilona.es\/tienda\/producto\/mango-telescopico-de-aluminio-classic-de-astrapool\/\",\"url\":\"https:\/\/www.piscilona.es\/tienda\/producto\/mango-telescopico-de-aluminio-classic-de-astrapool\/\",\"name\":\"Mango fijo piscina 2,5 m. Palomillas o Clip. - Piscilona\",\"isPartOf\":{\"@id\":\"https:\/\/www.piscilona.es\/tienda\/#website\"},\"primaryImageOfPage\":{\"@id\":\"https:\/\/www.piscilona.es\/tienda\/producto\/mango-telescopico-de-aluminio-classic-de-astrapool\/#primaryimage\"},\"image\":{\"@id\":\"https:\/\/www.piscilona.es\/tienda\/producto\/mango-telescopico-de-aluminio-classic-de-astrapool\/#primaryimage\"},\"thumbnailUrl\":\"https:\/\/www.piscilona.es\/tienda\/wp-content\/uploads\/2020\/12\/Mango-fijo-Classic-Palomillas-Astrapool.jpg\",\"datePublished\":\"2020-12-28T12:15:45+00:00\",\"dateModified\":\"2020-12-29T10:24:02+00:00\",\"breadcrumb\":{\"@id\":\"https:\/\/www.piscilona.es\/tienda\/producto\/mango-telescopico-de-aluminio-classic-de-astrapool\/#breadcrumb\"},\"inLanguage\":\"es\",\"potentialAction\":[{\"@type\":\"ReadAction\",\"target\":[\"https:\/\/www.piscilona.es\/tienda\/producto\/mango-telescopico-de-aluminio-classic-de-astrapool\/\"]}]},{\"@type\":\"ImageObject\",\"inLanguage\":\"es\",\"@id\":\"https:\/\/www.piscilona.es\/tienda\/producto\/mango-telescopico-de-aluminio-classic-de-astrapool\/#primaryimage\",\"url\":\"https:\/\/www.piscilona.es\/tienda\/wp-content\/uploads\/2020\/12\/Mango-fijo-Classic-Palomillas-Astrapool.jpg\",\"contentUrl\":\"https:\/\/www.piscilona.es\/tienda\/wp-content\/uploads\/2020\/12\/Mango-fijo-Classic-Palomillas-Astrapool.jpg\",\"width\":800,\"height\":800},{\"@type\":\"BreadcrumbList\",\"@id\":\"https:\/\/www.piscilona.es\/tienda\/producto\/mango-telescopico-de-aluminio-classic-de-astrapool\/#breadcrumb\",\"itemListElement\":[{\"@type\":\"ListItem\",\"position\":1,\"name\":\"Portada\",\"item\":\"https:\/\/www.piscilona.es\/tienda\/\"},{\"@type\":\"ListItem\",\"position\":2,\"name\":\"Tienda\",\"item\":\"https:\/\/www.piscilona.es\/tienda\/tienda\/\"},{\"@type\":\"ListItem\",\"position\":3,\"name\":\"Mango fijo piscina 2,5 m. Palomillas o Clip.\"}]},{\"@type\":\"WebSite\",\"@id\":\"https:\/\/www.piscilona.es\/tienda\/#website\",\"url\":\"https:\/\/www.piscilona.es\/tienda\/\",\"name\":\"Piscilona\",\"description\":\"Piscilona\",\"potentialAction\":[{\"@type\":\"SearchAction\",\"target\":{\"@type\":\"EntryPoint\",\"urlTemplate\":\"https:\/\/www.piscilona.es\/tienda\/?s={search_term_string}\"},\"query-input\":{\"@type\":\"PropertyValueSpecification\",\"valueRequired\":true,\"valueName\":\"search_term_string\"}}],\"inLanguage\":\"es\"}]}<\/script>\n<!-- \/ Yoast SEO plugin. -->","yoast_head_json":{"title":"Mango fijo piscina 2,5 m. Palomillas o Clip. - Piscilona","robots":{"index":"index","follow":"follow","max-snippet":"max-snippet:-1","max-image-preview":"max-image-preview:large","max-video-preview":"max-video-preview:-1"},"canonical":"https:\/\/www.piscilona.es\/tienda\/producto\/mango-telescopico-de-aluminio-classic-de-astrapool\/","og_locale":"es_ES","og_type":"article","og_title":"Mango fijo piscina 2,5 m. Palomillas o Clip. - Piscilona","og_description":"Mango \/ P\u00e9rtiga de longitud fija de 2,5 m. y opci\u00f3n conexi\u00f3n clip o palomillas.","og_url":"https:\/\/www.piscilona.es\/tienda\/producto\/mango-telescopico-de-aluminio-classic-de-astrapool\/","og_site_name":"Piscilona","article_modified_time":"2020-12-29T10:24:02+00:00","og_image":[{"width":800,"height":800,"url":"https:\/\/www.piscilona.es\/tienda\/wp-content\/uploads\/2020\/12\/Mango-fijo-Classic-Palomillas-Astrapool.jpg","type":"image\/jpeg"}],"twitter_card":"summary_large_image","schema":{"@context":"https:\/\/schema.org","@graph":[{"@type":"WebPage","@id":"https:\/\/www.piscilona.es\/tienda\/producto\/mango-telescopico-de-aluminio-classic-de-astrapool\/","url":"https:\/\/www.piscilona.es\/tienda\/producto\/mango-telescopico-de-aluminio-classic-de-astrapool\/","name":"Mango fijo piscina 2,5 m. Palomillas o Clip. - Piscilona","isPartOf":{"@id":"https:\/\/www.piscilona.es\/tienda\/#website"},"primaryImageOfPage":{"@id":"https:\/\/www.piscilona.es\/tienda\/producto\/mango-telescopico-de-aluminio-classic-de-astrapool\/#primaryimage"},"image":{"@id":"https:\/\/www.piscilona.es\/tienda\/producto\/mango-telescopico-de-aluminio-classic-de-astrapool\/#primaryimage"},"thumbnailUrl":"https:\/\/www.piscilona.es\/tienda\/wp-content\/uploads\/2020\/12\/Mango-fijo-Classic-Palomillas-Astrapool.jpg","datePublished":"2020-12-28T12:15:45+00:00","dateModified":"2020-12-29T10:24:02+00:00","breadcrumb":{"@id":"https:\/\/www.piscilona.es\/tienda\/producto\/mango-telescopico-de-aluminio-classic-de-astrapool\/#breadcrumb"},"inLanguage":"es","potentialAction":[{"@type":"ReadAction","target":["https:\/\/www.piscilona.es\/tienda\/producto\/mango-telescopico-de-aluminio-classic-de-astrapool\/"]}]},{"@type":"ImageObject","inLanguage":"es","@id":"https:\/\/www.piscilona.es\/tienda\/producto\/mango-telescopico-de-aluminio-classic-de-astrapool\/#primaryimage","url":"https:\/\/www.piscilona.es\/tienda\/wp-content\/uploads\/2020\/12\/Mango-fijo-Classic-Palomillas-Astrapool.jpg","contentUrl":"https:\/\/www.piscilona.es\/tienda\/wp-content\/uploads\/2020\/12\/Mango-fijo-Classic-Palomillas-Astrapool.jpg","width":800,"height":800},{"@type":"BreadcrumbList","@id":"https:\/\/www.piscilona.es\/tienda\/producto\/mango-telescopico-de-aluminio-classic-de-astrapool\/#breadcrumb","itemListElement":[{"@type":"ListItem","position":1,"name":"Portada","item":"https:\/\/www.piscilona.es\/tienda\/"},{"@type":"ListItem","position":2,"name":"Tienda","item":"https:\/\/www.piscilona.es\/tienda\/tienda\/"},{"@type":"ListItem","position":3,"name":"Mango fijo piscina 2,5 m. Palomillas o Clip."}]},{"@type":"WebSite","@id":"https:\/\/www.piscilona.es\/tienda\/#website","url":"https:\/\/www.piscilona.es\/tienda\/","name":"Piscilona","description":"Piscilona","potentialAction":[{"@type":"SearchAction","target":{"@type":"EntryPoint","urlTemplate":"https:\/\/www.piscilona.es\/tienda\/?s={search_term_string}"},"query-input":{"@type":"PropertyValueSpecification","valueRequired":true,"valueName":"search_term_string"}}],"inLanguage":"es"}]}},"_links":{"self":[{"href":"https:\/\/www.piscilona.es\/tienda\/wp-json\/wp\/v2\/product\/3913","targetHints":{"allow":["GET"]}}],"collection":[{"href":"https:\/\/www.piscilona.es\/tienda\/wp-json\/wp\/v2\/product"}],"about":[{"href":"https:\/\/www.piscilona.es\/tienda\/wp-json\/wp\/v2\/types\/product"}],"version-history":[{"count":0,"href":"https:\/\/www.piscilona.es\/tienda\/wp-json\/wp\/v2\/product\/3913\/revisions"}],"wp:featuredmedia":[{"embeddable":true,"href":"https:\/\/www.piscilona.es\/tienda\/wp-json\/wp\/v2\/media\/3920"}],"wp:attachment":[{"href":"https:\/\/www.piscilona.es\/tienda\/wp-json\/wp\/v2\/media?parent=3913"}],"wp:term":[{"taxonomy":"product_brand","embeddable":true,"href":"https:\/\/www.piscilona.es\/tienda\/wp-json\/wp\/v2\/product_brand?post=3913"},{"taxonomy":"product_cat","embeddable":true,"href":"https:\/\/www.piscilona.es\/tienda\/wp-json\/wp\/v2\/product_cat?post=3913"},{"taxonomy":"product_tag","embeddable":true,"href":"https:\/\/www.piscilona.es\/tienda\/wp-json\/wp\/v2\/product_tag?post=3913"}],"curies":[{"name":"wp","href":"https:\/\/api.w.org\/{rel}","templated":true}]}}